{"version":"1.0","provider_name":"Z\u00e1kladn\u00ed \u0161kola Wonderland Academy","provider_url":"https:\/\/www.wonderlandacademy.cz\/en","author_name":"Lucie Gaido\u0161ov\u00e1","author_url":"https:\/\/www.wonderlandacademy.cz\/en\/author\/lucgaidoswonder\/","title":"15.3.2025 3.charitativn\u00ed ples Wonderland Academy - Z\u00e1kladn\u00ed \u0161kola Wonderland Academy","type":"rich","width":600,"height":338,"html":"<blockquote class=\"wp-embedded-content\" data-secret=\"L9dvcsCm8Z\"><a href=\"https:\/\/www.wonderlandacademy.cz\/en\/2024\/12\/30\/15-3-2025-3-charitativni-ples-wonderland-academy\/\">15.3.2025 3.charitativn\u00ed ples Wonderland Academy<\/a><\/blockquote><iframe sandbox=\"allow-scripts\" security=\"restricted\" src=\"https:\/\/www.wonderlandacademy.cz\/en\/2024\/12\/30\/15-3-2025-3-charitativni-ples-wonderland-academy\/embed\/#?secret=L9dvcsCm8Z\" width=\"600\" height=\"338\" title=\"&#8220;15.3.2025 3.charitativn\u00ed ples Wonderland Academy&#8221; &#8212; Z\u00e1kladn\u00ed \u0161kola Wonderland Academy\" data-secret=\"L9dvcsCm8Z\" frameborder=\"0\" marginwidth=\"0\" marginheight=\"0\" scrolling=\"no\" class=\"wp-embedded-content\"><\/iframe><script type=\"text\/javascript\">\n\/* <![CDATA[ *\/\n\/*! This file is auto-generated *\/\n!function(d,l){\"use strict\";l.querySelector&&d.addEventListener&&\"undefined\"!=typeof URL&&(d.wp=d.wp||{},d.wp.receiveEmbedMessage||(d.wp.receiveEmbedMessage=function(e){var t=e.data;if((t||t.secret||t.message||t.value)&&!\/[^a-zA-Z0-9]\/.test(t.secret)){for(var s,r,n,a=l.querySelectorAll('iframe[data-secret=\"'+t.secret+'\"]'),o=l.querySelectorAll('blockquote[data-secret=\"'+t.secret+'\"]'),c=new RegExp(\"^https?:$\",\"i\"),i=0;i<o.length;i++)o[i].style.display=\"none\";for(i=0;i<a.length;i++)s=a[i],e.source===s.contentWindow&&(s.removeAttribute(\"style\"),\"height\"===t.message?(1e3<(r=parseInt(t.value,10))?r=1e3:~~r<200&&(r=200),s.height=r):\"link\"===t.message&&(r=new URL(s.getAttribute(\"src\")),n=new URL(t.value),c.test(n.protocol))&&n.host===r.host&&l.activeElement===s&&(d.top.location.href=t.value))}},d.addEventListener(\"message\",d.wp.receiveEmbedMessage,!1),l.addEventListener(\"DOMContentLoaded\",function(){for(var e,t,s=l.querySelectorAll(\"iframe.wp-embedded-content\"),r=0;r<s.length;r++)(t=(e=s[r]).getAttribute(\"data-secret\"))||(t=Math.random().toString(36).substring(2,12),e.src+=\"#?secret=\"+t,e.setAttribute(\"data-secret\",t)),e.contentWindow.postMessage({message:\"ready\",secret:t},\"*\")},!1)))}(window,document);\n\/\/# sourceURL=https:\/\/www.wonderlandacademy.cz\/wp-includes\/js\/wp-embed.min.js\n\/* ]]> *\/\n<\/script>","thumbnail_url":"https:\/\/www.wonderlandacademy.cz\/wp-content\/uploads\/2024\/12\/IMG_0764.jpg","thumbnail_width":1284,"thumbnail_height":1780,"description":"Srde\u010dn\u011b V\u00e1s zveme na 3. charitativn\u00ed&nbsp;ples&nbsp;Wonderland Academy! Tentokr\u00e1t se m\u016f\u017eete t\u011b\u0161it na nov\u00e9 prostory v Kulturn\u00edm centru Jesenice a tak\u00e9 tu m\u00e1me dal\u0161\u00ed premi\u00e9ru. V leto\u0161n\u00edm roce bude sou\u010d\u00e1st\u00ed&nbsp;plesu \u0161erpov\u00e1n\u00ed student\u016f 9. t\u0159\u00edd a inaugurace na\u0161ich \u0161es\u0165\u00e1k\u016f.&nbsp; Krom\u011b toho op\u011bt budeme tan\u010dit a bavit se. Na hosty \u010dek\u00e1 dechberouc\u00ed vystoupen\u00ed a p\u016flno\u010dn\u00ed p\u0159ekvapen\u00ed.&nbsp; Vstupenky budou [&hellip;]"}

Základní škola Wonderland Academy

Lucie Gaidošová

15.3.2025 3.charitativní ples Wonderland Academy - Základní škola Wonderland Academy

<blockquote class="wp-embedded-content" data-secret="L9dvcsCm8Z"><a href="https://www.wonderlandacademy.cz/en/2024/12/30/15-3-2025-3-charitativni-ples-wonderland-academy/">15.3.2025 3.charitativní ples Wonderland Academy</a></blockquote><iframe sandbox="allow-scripts" security="restricted" src="https://www.wonderlandacademy.cz/en/2024/12/30/15-3-2025-3-charitativni-ples-wonderland-academy/embed/#?secret=L9dvcsCm8Z" width="600" height="338" title="&#8220;15.3.2025 3.charitativní ples Wonderland Academy&#8221; &#8212; Základní škola Wonderland Academy" data-secret="L9dvcsCm8Z" frameborder="0" marginwidth="0" marginheight="0" scrolling="no" class="wp-embedded-content"></iframe><script type="text/javascript">
/* <![CDATA[ */
/*! This file is auto-generated */
!function(d,l){"use strict";l.querySelector&&d.addEventListener&&"undefined"!=typeof URL&&(d.wp=d.wp||{},d.wp.receiveEmbedMessage||(d.wp.receiveEmbedMessage=function(e){var t=e.data;if((t||t.secret||t.message||t.value)&&!/[^a-zA-Z0-9]/.test(t.secret)){for(var s,r,n,a=l.querySelectorAll('iframe[data-secret="'+t.secret+'"]'),o=l.querySelectorAll('blockquote[data-secret="'+t.secret+'"]'),c=new RegExp("^https?:$","i"),i=0;i<o.length;i++)o[i].style.display="none";for(i=0;i<a.length;i++)s=a[i],e.source===s.contentWindow&&(s.removeAttribute("style"),"height"===t.message?(1e3<(r=parseInt(t.value,10))?r=1e3:~~r<200&&(r=200),s.height=r):"link"===t.message&&(r=new URL(s.getAttribute("src")),n=new URL(t.value),c.test(n.protocol))&&n.host===r.host&&l.activeElement===s&&(d.top.location.href=t.value))}},d.addEventListener("message",d.wp.receiveEmbedMessage,!1),l.addEventListener("DOMContentLoaded",function(){for(var e,t,s=l.querySelectorAll("iframe.wp-embedded-content"),r=0;r<s.length;r++)(t=(e=s[r]).getAttribute("data-secret"))||(t=Math.random().toString(36).substring(2,12),e.src+="#?secret="+t,e.setAttribute("data-secret",t)),e.contentWindow.postMessage({message:"ready",secret:t},"*")},!1)))}(window,document);
//# sourceURL=https://www.wonderlandacademy.cz/wp-includes/js/wp-embed.min.js
/* ]]> */
</script>

Srdečně Vás zveme na 3. charitativní&nbsp;ples&nbsp;Wonderland Academy! Tentokrát se můžete těšit na nové prostory v Kulturním centru Jesenice a také tu máme další premiéru. V letošním roce bude součástí&nbsp;plesu šerpování studentů 9. tříd a inaugurace našich šesťáků.&nbsp; Kromě toho opět budeme tančit a bavit se. Na hosty čeká dechberoucí vystoupení a půlnoční překvapení.&nbsp; Vstupenky budou [&hellip;]
